{"id":6259,"date":"2021-01-07T10:05:33","date_gmt":"2021-01-07T03:05:33","guid":{"rendered":"http:\/\/iposdanang.vn\/iposdanang\/?post_type=product&#038;p=6259"},"modified":"2021-01-07T10:05:33","modified_gmt":"2021-01-07T03:05:33","slug":"may-tinh-tien-posbank-apexa-aw-1560","status":"publish","type":"product","link":"https:\/\/iposdanang.vn\/iposdanang\/index.php\/product\/may-tinh-tien-posbank-apexa-aw-1560\/","title":{"rendered":"M\u00c1Y T\u00cdNH TI\u1ec0N POSBANK APEXA AW-1560"},"content":{"rendered":"<h3><strong>GI\u1edaI THI\u1ec6U M\u00c1Y T\u00cdNH TI\u1ec0N POSBANK APEXA AW-1560<\/strong><\/h3>\n<p>M\u00e1y t\u00ednh ti\u1ec1n APEXA AW-1560 l\u00e0 1 trong nh\u1eefng d\u00f2ng m\u00e1y POS th\u1ebf h\u1ec7 m\u1edbi nh\u1ea5t d\u1ef1a tr\u00ean n\u1ec1n t\u1ea3ng h\u1ec7 \u0111i\u1ec1u h\u00e0nh Android c\u1ee7a nh\u00e0 s\u1ea3n xu\u1ea5t POS n\u1ed5i ti\u1ebfng H\u00e0n Qu\u1ed1c, POSBANK. Thi\u1ebft k\u1ebf \u0111\u1eb9p, c\u1ee9ng c\u00e1p v\u00e0 tinh t\u1ebf c\u00f9ng v\u1edbi \u0111\u1ed9 \u1ed5n \u0111\u1ecbnh cao, c\u00e1c c\u1ed5ng k\u1ebft n\u1ed1i \u0111\u1ea7y \u0111\u1ee7, APEX AW-1560 h\u1ee9a h\u1eb9n l\u00e0 thi\u1ebft b\u1ecb kh\u00f4ng th\u1ec3 thi\u1ebfu c\u1ee7a c\u00e1c nh\u00e0 h\u00e0ng cao c\u1ea5p, hi\u1ec7n \u0111\u1ea1i.<\/p>\n<p><img loading=\"lazy\" class=\"alignnone size-medium wp-image-6260\" src=\"http:\/\/iposdanang.vn\/iposdanang\/wp-content\/uploads\/2021\/01\/PB-1-600x600-1-300x300.jpg\" alt=\"\" width=\"300\" height=\"300\" srcset=\"https:\/\/iposdanang.vn\/iposdanang\/wp-content\/uploads\/2021\/01\/PB-1-600x600-1-300x300.jpg 300w, https:\/\/iposdanang.vn\/iposdanang\/wp-content\/uploads\/2021\/01\/PB-1-600x600-1-150x150.jpg 150w, https:\/\/iposdanang.vn\/iposdanang\/wp-content\/uploads\/2021\/01\/PB-1-600x600-1-80x80.jpg 80w, https:\/\/iposdanang.vn\/iposdanang\/wp-content\/uploads\/2021\/01\/PB-1-600x600-1-70x70.jpg 70w, https:\/\/iposdanang.vn\/iposdanang\/wp-content\/uploads\/2021\/01\/PB-1-600x600-1-100x100.jpg 100w, https:\/\/iposdanang.vn\/iposdanang\/wp-content\/uploads\/2021\/01\/PB-1-600x600-1-480x480.jpg 480w, https:\/\/iposdanang.vn\/iposdanang\/wp-content\/uploads\/2021\/01\/PB-1-600x600-1-75x75.jpg 75w, https:\/\/iposdanang.vn\/iposdanang\/wp-content\/uploads\/2021\/01\/PB-1-600x600-1.jpg 600w\" sizes=\"(max-width: 300px) 100vw, 300px\" \/> <img loading=\"lazy\" class=\"alignnone size-medium wp-image-6261\" src=\"http:\/\/iposdanang.vn\/iposdanang\/wp-content\/uploads\/2021\/01\/PB-5-600x600-1-300x300.jpg\" alt=\"\" width=\"300\" height=\"300\" srcset=\"https:\/\/iposdanang.vn\/iposdanang\/wp-content\/uploads\/2021\/01\/PB-5-600x600-1-300x300.jpg 300w, https:\/\/iposdanang.vn\/iposdanang\/wp-content\/uploads\/2021\/01\/PB-5-600x600-1-150x150.jpg 150w, https:\/\/iposdanang.vn\/iposdanang\/wp-content\/uploads\/2021\/01\/PB-5-600x600-1-80x80.jpg 80w, https:\/\/iposdanang.vn\/iposdanang\/wp-content\/uploads\/2021\/01\/PB-5-600x600-1-70x70.jpg 70w, https:\/\/iposdanang.vn\/iposdanang\/wp-content\/uploads\/2021\/01\/PB-5-600x600-1-100x100.jpg 100w, https:\/\/iposdanang.vn\/iposdanang\/wp-content\/uploads\/2021\/01\/PB-5-600x600-1-480x480.jpg 480w, https:\/\/iposdanang.vn\/iposdanang\/wp-content\/uploads\/2021\/01\/PB-5-600x600-1-75x75.jpg 75w, https:\/\/iposdanang.vn\/iposdanang\/wp-content\/uploads\/2021\/01\/PB-5-600x600-1.jpg 600w\" sizes=\"(max-width: 300px) 100vw, 300px\" \/><\/p>\n<h3><strong>B\u1ea3o h\u00e0nh 24 th\u00e1ng t\u1ea1i v\u0103n ph\u00f2ng iPOSDANANG.vn<\/strong><\/h3>\n","protected":false},"excerpt":{"rendered":"<p><strong>TH\u00d4NG S\u1ed0 K\u1ef8 THU\u1eacT<\/strong><\/p>\n<ul>\n<li><strong>K\u00edch th\u01b0\u1edbc:<\/strong>\u00a0400mm (ngang) x 210mm (s\u00e2u) x 311mm (cao)<\/li>\n<li><strong>CPU:\u00a0<\/strong>Cortex\u2122-A17 Quad-Core (Up to 1.8GHz)<\/li>\n<li><strong>RAM:\u00a0<\/strong>2GB Standard, DDR3L 1600 MT\/s, On-board<\/li>\n<li><strong>Storage:\u00a0<\/strong>eMMC 16GB, On-board<\/li>\n<li><strong>M\u00e0n h\u00ecnh:\u00a0<\/strong>15.6\u2033 TFT LCD, LED Backlight, 1366 x 768, Projected Capacitive Touch<\/li>\n<li><strong>OS:<\/strong>\u00a0Android 7.x (Nougat)<\/li>\n<li><strong>C\u1ed5ng giao ti\u1ebfp<\/strong>: 1 x VGA (With Power Output), 6 USB (Rear 2, Back 4, USB 2.0 x 6), 6 COM Ports, 1 LAN RJ45, 1 Audio Line-out.<\/li>\n<li><strong>M\u00e0u s\u1eafc:\u00a0<\/strong>X\u00e1m \u0111en (Matte Dark Grey)<\/li>\n<\/ul>\n<p><strong>Ph\u1ee5 ki\u1ec7n:<\/strong><\/p>\n<ul>\n<li><strong>M\u00e0n h\u00ecnh ph\u1ee5 LCD 9,7 inches:\u00a0<\/strong>4.500.000 VN\u0110 (\u0111\u00e3 bao g\u1ed3m VAT)<\/li>\n<li><strong>M\u00e0n h\u00ecnh ph\u1ee5 LCD 15 inches:<\/strong>\u00a05.000.000 VN\u0110 (\u0111\u00e3 bao g\u1ed3m VAT)<\/li>\n<\/ul>\n<p><strong>B\u1ea3o h\u00e0nh 24 th\u00e1ng t\u1ea1i v\u0103n ph\u00f2ng iPOSDANANG.vn<\/strong><\/p>\n<p><strong>Mi\u1ec5n ph\u00ed v\u1eadn chuy\u1ec3n to\u00e0n qu\u1ed1c theo ch\u00ednh s\u00e1ch c\u1ee7a iPOSDANANG.vn<\/strong><\/p>\n<p><strong>Ch\u00ednh s\u00e1ch b\u1ea3o h\u00e0nh:\u00a0<\/strong><a href=\"https:\/\/ipos.vn\/wp-content\/uploads\/2020\/06\/Quy-Dinh-Bao-Hanh-Phan-Cung-update-web-iPOS.pdf\">Ph\u1ea7n c\u1ee9ng<\/a>\u00a0v\u00e0\u00a0<a href=\"https:\/\/ipos.vn\/wp-content\/uploads\/2020\/06\/Quy-Dinh-Bao-Hanh-Phan-Mem-iPOS.pdf\">ph\u1ea7n m\u1ec1m<\/a><\/p>\n","protected":false},"featured_media":6262,"template":"","meta":{"_monsterinsights_skip_tracking":false,"_monsterinsights_sitenote_active":false,"_monsterinsights_sitenote_note":"","_monsterinsights_sitenote_category":0},"yoast_head":"<!-- This site is optimized with the Yoast SEO Premium plugin v15.0 - https:\/\/yoast.com\/wordpress\/plugins\/seo\/ -->\n<title>M\u00c1Y T\u00cdNH TI\u1ec0N POSBANK APEXA AW-1560 - iPOS t\u1ea1i \u0110\u00e0 N\u1eb5ng<\/title>\n<meta name=\"robots\" content=\"index, follow, max-snippet:-1, max-image-preview:large, max-video-preview:-1\" \/>\n<link rel=\"canonical\" href=\"http:\/\/iposdanang.vn\/iposdanang\/index.php\/product\/may-tinh-tien-posbank-apexa-aw-1560\/\" \/>\n<meta property=\"og:locale\" content=\"vi_VN\" \/>\n<meta property=\"og:type\" content=\"article\" \/>\n<meta property=\"og:title\" content=\"M\u00c1Y T\u00cdNH TI\u1ec0N POSBANK APEXA AW-1560 - iPOS t\u1ea1i \u0110\u00e0 N\u1eb5ng\" \/>\n<meta property=\"og:description\" content=\"TH\u00d4NG S\u1ed0 K\u1ef8 THU\u1eacT   K\u00edch th\u01b0\u1edbc:\u00a0400mm (ngang) x 210mm (s\u00e2u) x 311mm (cao)  CPU:\u00a0Cortex\u2122-A17 Quad-Core (Up to 1.8GHz)  RAM:\u00a02GB Standard, DDR3L 1600 MT\/s, On-board  Storage:\u00a0eMMC 16GB, On-board  M\u00e0n h\u00ecnh:\u00a015.6\u2033 TFT LCD, LED Backlight, 1366 x 768, Projected Capacitive Touch  OS:\u00a0Android 7.x (Nougat)  C\u1ed5ng giao ti\u1ebfp: 1 x VGA (With Power Output), 6 USB (Rear 2, Back 4, USB 2.0 x 6), 6 COM Ports, 1 LAN RJ45, 1 Audio Line-out.  M\u00e0u s\u1eafc:\u00a0X\u00e1m \u0111en (Matte Dark Grey)  Ph\u1ee5 ki\u1ec7n:   M\u00e0n h\u00ecnh ph\u1ee5 LCD 9,7 inches:\u00a04.500.000 VN\u0110 (\u0111\u00e3 bao g\u1ed3m VAT)  M\u00e0n h\u00ecnh ph\u1ee5 LCD 15 inches:\u00a05.000.000 VN\u0110 (\u0111\u00e3 bao g\u1ed3m VAT)  B\u1ea3o h\u00e0nh 24 th\u00e1ng t\u1ea1i v\u0103n ph\u00f2ng iPOSDANANG.vn  Mi\u1ec5n ph\u00ed v\u1eadn chuy\u1ec3n to\u00e0n qu\u1ed1c theo ch\u00ednh s\u00e1ch c\u1ee7a iPOSDANANG.vn  Ch\u00ednh s\u00e1ch b\u1ea3o h\u00e0nh:\u00a0Ph\u1ea7n c\u1ee9ng\u00a0v\u00e0\u00a0ph\u1ea7n m\u1ec1m\" \/>\n<meta property=\"og:url\" content=\"http:\/\/iposdanang.vn\/iposdanang\/index.php\/product\/may-tinh-tien-posbank-apexa-aw-1560\/\" \/>\n<meta property=\"og:site_name\" content=\"iPOS t\u1ea1i \u0110\u00e0 N\u1eb5ng\" \/>\n<meta property=\"og:image\" content=\"https:\/\/iposdanang.vn\/iposdanang\/wp-content\/uploads\/2021\/01\/PB-2-600x600-1.jpg\" \/>\n\t<meta property=\"og:image:width\" content=\"600\" \/>\n\t<meta property=\"og:image:height\" content=\"600\" \/>\n<meta name=\"twitter:card\" content=\"summary_large_image\" \/>\n<script type=\"application\/ld+json\" class=\"yoast-schema-graph\">{\"@context\":\"https:\/\/schema.org\",\"@graph\":[{\"@type\":\"WebSite\",\"@id\":\"https:\/\/iposdanang.vn\/iposdanang\/#website\",\"url\":\"https:\/\/iposdanang.vn\/iposdanang\/\",\"name\":\"iPOS t\\u1ea1i \\u0110\\u00e0 N\\u1eb5ng\",\"description\":\"iPOSDaNang.vn\",\"potentialAction\":[{\"@type\":\"SearchAction\",\"target\":\"https:\/\/iposdanang.vn\/iposdanang\/?s={search_term_string}\",\"query-input\":\"required name=search_term_string\"}],\"inLanguage\":\"vi\"},{\"@type\":\"ImageObject\",\"@id\":\"http:\/\/iposdanang.vn\/iposdanang\/index.php\/product\/may-tinh-tien-posbank-apexa-aw-1560\/#primaryimage\",\"inLanguage\":\"vi\",\"url\":\"https:\/\/iposdanang.vn\/iposdanang\/wp-content\/uploads\/2021\/01\/PB-2-600x600-1.jpg\",\"width\":600,\"height\":600},{\"@type\":\"WebPage\",\"@id\":\"http:\/\/iposdanang.vn\/iposdanang\/index.php\/product\/may-tinh-tien-posbank-apexa-aw-1560\/#webpage\",\"url\":\"http:\/\/iposdanang.vn\/iposdanang\/index.php\/product\/may-tinh-tien-posbank-apexa-aw-1560\/\",\"name\":\"M\\u00c1Y T\\u00cdNH TI\\u1ec0N POSBANK APEXA AW-1560 - iPOS t\\u1ea1i \\u0110\\u00e0 N\\u1eb5ng\",\"isPartOf\":{\"@id\":\"https:\/\/iposdanang.vn\/iposdanang\/#website\"},\"primaryImageOfPage\":{\"@id\":\"http:\/\/iposdanang.vn\/iposdanang\/index.php\/product\/may-tinh-tien-posbank-apexa-aw-1560\/#primaryimage\"},\"datePublished\":\"2021-01-07T03:05:33+00:00\",\"dateModified\":\"2021-01-07T03:05:33+00:00\",\"inLanguage\":\"vi\",\"potentialAction\":[{\"@type\":\"ReadAction\",\"target\":[\"http:\/\/iposdanang.vn\/iposdanang\/index.php\/product\/may-tinh-tien-posbank-apexa-aw-1560\/\"]}]}]}<\/script>\n<!-- \/ Yoast SEO Premium plugin. -->","_links":{"self":[{"href":"https:\/\/iposdanang.vn\/iposdanang\/index.php\/wp-json\/wp\/v2\/product\/6259"}],"collection":[{"href":"https:\/\/iposdanang.vn\/iposdanang\/index.php\/wp-json\/wp\/v2\/product"}],"about":[{"href":"https:\/\/iposdanang.vn\/iposdanang\/index.php\/wp-json\/wp\/v2\/types\/product"}],"wp:featuredmedia":[{"embeddable":true,"href":"https:\/\/iposdanang.vn\/iposdanang\/index.php\/wp-json\/wp\/v2\/media\/6262"}],"wp:attachment":[{"href":"https:\/\/iposdanang.vn\/iposdanang\/index.php\/wp-json\/wp\/v2\/media?parent=6259"}],"curies":[{"name":"wp","href":"https:\/\/api.w.org\/{rel}","templated":true}]}}