{"id":6316,"date":"2021-01-08T15:07:18","date_gmt":"2021-01-08T08:07:18","guid":{"rendered":"http:\/\/iposdanang.vn\/iposdanang\/?post_type=product&#038;p=6316"},"modified":"2021-01-08T15:09:48","modified_gmt":"2021-01-08T08:09:48","slug":"case-dell-core-i3-man-hinh-m457tb","status":"publish","type":"product","link":"https:\/\/iposdanang.vn\/iposdanang\/index.php\/product\/case-dell-core-i3-man-hinh-m457tb\/","title":{"rendered":"CASE DELL CORE I3 + M\u00c0N H\u00ccNH M457TB"},"content":{"rendered":"<p><strong>M\u00e1y t\u00ednh ti\u1ec1n \u0111\u1ed3ng b\u1ed9 Dell<\/strong><\/p>\n<p>\u0110\u01b0\u1ee3c thi\u1ebft k\u1ebf ch\u1eafc ch\u1eafn, c\u1ea5u h\u00ecnh cao ( core i3 ), \u0111\u1ea3m b\u1ea3o cho c\u00f4ng vi\u1ec7c b\u00e1n h\u00e0ng v\u1edbi l\u01b0\u1ee3ng giao d\u1ecbch l\u1edbn.. Ch\u1ea1y \u1ed5n \u0111\u1ecbnh 24\/7..<\/p>\n<p><strong>M\u00e0n h\u00ecnh c\u1ea3m \u1ee9ng OTEK M457TB:<\/strong><\/p>\n<p>\u0110\u01b0\u1ee3c \u1ee9ng d\u1ee5ng trong nhi\u1ec1u chu\u1ed7i nh\u00e0 h\u00e0ng, b\u00e1n l\u1ebb l\u1edbn nh\u01b0 Big C, chu\u1ed7i c\u1eeda h\u00e0ng Vinamilk v\u00e0 nhi\u1ec1u chu\u1ed7i nh\u00e0 h\u00e0ng l\u1edbn t\u1ea1i Vi\u1ec7t Nam\u2026<br \/>\nXu\u00e2\u0301t x\u01b0\u0301 ch\u00ednh h\u00e3ng \u0110a\u0300i Loan<\/p>\n","protected":false},"excerpt":{"rendered":"<p><strong>Case Dell Vostro 3470 ST<\/strong><\/p>\n<ul>\n<li>Model: Vostro 3470 ST STI31508-4G-1T<\/li>\n<li>Processor (Vi x\u1eed l\u00fd): Intel(R) Core(TM) i3-8100 Processor (6MB Cache, up to 3.6 GHz)<\/li>\n<li>Memory (B\u1ed9 nh\u1edb trong): 4GB (1X4GB) Single Channel, DDR4, 2400MHz<\/li>\n<li>Memory slots (S\u1ed1 khe RAM): 2 UDIMM<\/li>\n<li>Hard Drive (\u1ed4 c\u1ee9ng):\u00a0<strong>1TB<\/strong>\u00a07200 rpm<\/li>\n<li>M\u00e0u: \u0110en<\/li>\n<\/ul>\n<p><strong>M\u00e0n h\u00ecnh c\u1ea3m \u1ee9ng OTEK M457TB<\/strong><\/p>\n<ul>\n<li>C\u00f4ng ngh\u1ec7 c\u1ea3m \u1ee9ng \u0111i\u1ec7n tr\u1edf 5 \u0111\u01b0\u1eddng<\/li>\n<li>K\u00edch c\u01a1\u0303 m\u00e0n h\u00ecnh: 15 inch \u2022 \u0110\u1ed9 ph\u00e2n gi\u1ea3i : 1024 x 768<\/li>\n<li>C\u00f4\u0309ng In: 1xVGA ,1x DVI, 1xUSB, 1x COM (female port)<\/li>\n<li>C\u00f4\u0309ng Out: 2xUSB<\/li>\n<li>\u0110\u1ed9 b\u1ec1n 50 tri\u1ec7u l\u1ea7n nh\u1ea5n<\/li>\n<li>Ch\u00e2n \u0111\u1ebf cao c\u1ea5p c\u00f3 th\u1ec3 \u0111i\u1ec1u ch\u1ec9nh \u0111\u1ed9 nghi\u00ean 80 \u0111\u1ed9.<\/li>\n<\/ul>\n<p><strong>B\u1ea3o h\u00e0nh 12 th\u00e1ng t\u1ea1i v\u0103n ph\u00f2ng iPOSDANANG.vn<\/strong><\/p>\n<p><strong>Ch\u00ednh s\u00e1ch b\u1ea3o h\u00e0nh:\u00a0<\/strong><a href=\"https:\/\/ipos.vn\/wp-content\/uploads\/2020\/06\/Quy-Dinh-Bao-Hanh-Phan-Cung-update-web-iPOS.pdf\">Ph\u1ea7n c\u1ee9ng<\/a>\u00a0v\u00e0\u00a0<a href=\"https:\/\/ipos.vn\/wp-content\/uploads\/2020\/06\/Quy-Dinh-Bao-Hanh-Phan-Mem-iPOS.pdf\">ph\u1ea7n m\u1ec1m<\/a><\/p>\n<p><strong>Mi\u1ec5n ph\u00ed v\u1eadn chuy\u1ec3n to\u00e0n qu\u1ed1c theo ch\u00ednh s\u00e1ch c\u1ee7a iPOSDANANG.vn<\/strong><\/p>\n","protected":false},"featured_media":6317,"template":"","meta":{"_monsterinsights_skip_tracking":false,"_monsterinsights_sitenote_active":false,"_monsterinsights_sitenote_note":"","_monsterinsights_sitenote_category":0},"yoast_head":"<!-- This site is optimized with the Yoast SEO Premium plugin v15.0 - https:\/\/yoast.com\/wordpress\/plugins\/seo\/ -->\n<title>CASE DELL CORE I3 + M\u00c0N H\u00ccNH M457TB - iPOS t\u1ea1i \u0110\u00e0 N\u1eb5ng<\/title>\n<meta name=\"robots\" content=\"index, follow, max-snippet:-1, max-image-preview:large, max-video-preview:-1\" \/>\n<link rel=\"canonical\" href=\"http:\/\/iposdanang.vn\/iposdanang\/index.php\/product\/case-dell-core-i3-man-hinh-m457tb\/\" \/>\n<meta property=\"og:locale\" content=\"vi_VN\" \/>\n<meta property=\"og:type\" content=\"article\" \/>\n<meta property=\"og:title\" content=\"CASE DELL CORE I3 + M\u00c0N H\u00ccNH M457TB - iPOS t\u1ea1i \u0110\u00e0 N\u1eb5ng\" \/>\n<meta property=\"og:description\" content=\"Case Dell Vostro 3470 ST   Model: Vostro 3470 ST STI31508-4G-1T  Processor (Vi x\u1eed l\u00fd): Intel(R) Core(TM) i3-8100 Processor (6MB Cache, up to 3.6 GHz)  Memory (B\u1ed9 nh\u1edb trong): 4GB (1X4GB) Single Channel, DDR4, 2400MHz  Memory slots (S\u1ed1 khe RAM): 2 UDIMM  Hard Drive (\u1ed4 c\u1ee9ng):\u00a01TB\u00a07200 rpm  M\u00e0u: \u0110en  M\u00e0n h\u00ecnh c\u1ea3m \u1ee9ng OTEK M457TB   C\u00f4ng ngh\u1ec7 c\u1ea3m \u1ee9ng \u0111i\u1ec7n tr\u1edf 5 \u0111\u01b0\u1eddng  K\u00edch c\u01a1\u0303 m\u00e0n h\u00ecnh: 15 inch \u2022 \u0110\u1ed9 ph\u00e2n gi\u1ea3i : 1024 x 768  C\u00f4\u0309ng In: 1xVGA ,1x DVI, 1xUSB, 1x COM (female port)  C\u00f4\u0309ng Out: 2xUSB  \u0110\u1ed9 b\u1ec1n 50 tri\u1ec7u l\u1ea7n nh\u1ea5n  Ch\u00e2n \u0111\u1ebf cao c\u1ea5p c\u00f3 th\u1ec3 \u0111i\u1ec1u ch\u1ec9nh \u0111\u1ed9 nghi\u00ean 80 \u0111\u1ed9.  B\u1ea3o h\u00e0nh 12 th\u00e1ng t\u1ea1i v\u0103n ph\u00f2ng iPOSDANANG.vn  Ch\u00ednh s\u00e1ch b\u1ea3o h\u00e0nh:\u00a0Ph\u1ea7n c\u1ee9ng\u00a0v\u00e0\u00a0ph\u1ea7n m\u1ec1m  Mi\u1ec5n ph\u00ed v\u1eadn chuy\u1ec3n to\u00e0n qu\u1ed1c theo ch\u00ednh s\u00e1ch c\u1ee7a iPOSDANANG.vn\" \/>\n<meta property=\"og:url\" content=\"http:\/\/iposdanang.vn\/iposdanang\/index.php\/product\/case-dell-core-i3-man-hinh-m457tb\/\" \/>\n<meta property=\"og:site_name\" content=\"iPOS t\u1ea1i \u0110\u00e0 N\u1eb5ng\" \/>\n<meta property=\"article:modified_time\" content=\"2021-01-08T08:09:48+00:00\" \/>\n<meta property=\"og:image\" content=\"https:\/\/iposdanang.vn\/iposdanang\/wp-content\/uploads\/2021\/01\/May-tinh-tien-Dell-core-i3-man-hinh-cam-ung-M437RBpng.png\" \/>\n\t<meta property=\"og:image:width\" content=\"500\" \/>\n\t<meta property=\"og:image:height\" content=\"500\" \/>\n<meta name=\"twitter:card\" content=\"summary_large_image\" \/>\n<script type=\"application\/ld+json\" class=\"yoast-schema-graph\">{\"@context\":\"https:\/\/schema.org\",\"@graph\":[{\"@type\":\"WebSite\",\"@id\":\"https:\/\/iposdanang.vn\/iposdanang\/#website\",\"url\":\"https:\/\/iposdanang.vn\/iposdanang\/\",\"name\":\"iPOS t\\u1ea1i \\u0110\\u00e0 N\\u1eb5ng\",\"description\":\"iPOSDaNang.vn\",\"potentialAction\":[{\"@type\":\"SearchAction\",\"target\":\"https:\/\/iposdanang.vn\/iposdanang\/?s={search_term_string}\",\"query-input\":\"required name=search_term_string\"}],\"inLanguage\":\"vi\"},{\"@type\":\"ImageObject\",\"@id\":\"http:\/\/iposdanang.vn\/iposdanang\/index.php\/product\/case-dell-core-i3-man-hinh-m457tb\/#primaryimage\",\"inLanguage\":\"vi\",\"url\":\"https:\/\/iposdanang.vn\/iposdanang\/wp-content\/uploads\/2021\/01\/May-tinh-tien-Dell-core-i3-man-hinh-cam-ung-M437RBpng.png\",\"width\":500,\"height\":500},{\"@type\":\"WebPage\",\"@id\":\"http:\/\/iposdanang.vn\/iposdanang\/index.php\/product\/case-dell-core-i3-man-hinh-m457tb\/#webpage\",\"url\":\"http:\/\/iposdanang.vn\/iposdanang\/index.php\/product\/case-dell-core-i3-man-hinh-m457tb\/\",\"name\":\"CASE DELL CORE I3 + M\\u00c0N H\\u00ccNH M457TB - iPOS t\\u1ea1i \\u0110\\u00e0 N\\u1eb5ng\",\"isPartOf\":{\"@id\":\"https:\/\/iposdanang.vn\/iposdanang\/#website\"},\"primaryImageOfPage\":{\"@id\":\"http:\/\/iposdanang.vn\/iposdanang\/index.php\/product\/case-dell-core-i3-man-hinh-m457tb\/#primaryimage\"},\"datePublished\":\"2021-01-08T08:07:18+00:00\",\"dateModified\":\"2021-01-08T08:09:48+00:00\",\"inLanguage\":\"vi\",\"potentialAction\":[{\"@type\":\"ReadAction\",\"target\":[\"http:\/\/iposdanang.vn\/iposdanang\/index.php\/product\/case-dell-core-i3-man-hinh-m457tb\/\"]}]}]}<\/script>\n<!-- \/ Yoast SEO Premium plugin. -->","_links":{"self":[{"href":"https:\/\/iposdanang.vn\/iposdanang\/index.php\/wp-json\/wp\/v2\/product\/6316"}],"collection":[{"href":"https:\/\/iposdanang.vn\/iposdanang\/index.php\/wp-json\/wp\/v2\/product"}],"about":[{"href":"https:\/\/iposdanang.vn\/iposdanang\/index.php\/wp-json\/wp\/v2\/types\/product"}],"wp:featuredmedia":[{"embeddable":true,"href":"https:\/\/iposdanang.vn\/iposdanang\/index.php\/wp-json\/wp\/v2\/media\/6317"}],"wp:attachment":[{"href":"https:\/\/iposdanang.vn\/iposdanang\/index.php\/wp-json\/wp\/v2\/media?parent=6316"}],"curies":[{"name":"wp","href":"https:\/\/api.w.org\/{rel}","templated":true}]}}