{"id":6318,"date":"2021-01-08T15:49:21","date_gmt":"2021-01-08T08:49:21","guid":{"rendered":"http:\/\/iposdanang.vn\/iposdanang\/?post_type=product&#038;p=6318"},"modified":"2021-01-08T15:50:16","modified_gmt":"2021-01-08T08:50:16","slug":"case-lenovo-v530s-pentium-man-hinh-m457tb","status":"publish","type":"product","link":"https:\/\/iposdanang.vn\/iposdanang\/index.php\/product\/case-lenovo-v530s-pentium-man-hinh-m457tb\/","title":{"rendered":"CASE LENOVO V530S PENTIUM + M\u00c0N H\u00ccNH M457TB"},"content":{"rendered":"<p><strong>M\u00e1y t\u00ednh \u0111\u1ed3ng b\u1ed9 Lenovo<\/strong>\u00a0<strong>V530s<\/strong><\/p>\n<p>\u0110\u01b0\u1ee3c thi\u1ebft k\u1ebf ch\u1eafc ch\u1eafn, c\u1ea5u h\u00ecnh \u1ed5n \u0111\u1ecbnh v\u00e0 \u0111\u1ea3m b\u1ea3o, d\u00e0nh cho m\u00f4i tr\u01b0\u1eddng b\u00e1n h\u00e0ng, nh\u00e0 h\u00e0ng, cafe, c\u00e1c \u0111i\u1ec3m b\u00e1n l\u1ebb. Ho\u1ea1t \u0111\u1ed9ng \u1ed5n \u0111\u1ecbnh 24\/7. K\u1ebft h\u1ee3p c\u00f9ng m\u00e0n h\u00ecnh c\u1ea3m \u1ee9ng Otek M457TB t\u1ea1o th\u00e0nh 1 gi\u1ea3i ph\u00e1p m\u00e1y t\u00ednh ti\u1ec1n ho\u00e0n h\u1ea3o, ti\u1ebft ki\u1ec7m chi ph\u00ed, th\u00edch h\u1ee3p cho c\u00e1c nh\u00e0 h\u00e0ng, cafe c\u00e1c \u0111i\u1ec3m b\u00e1n l\u1ebb ho\u1eb7c c\u00e1c si\u00eau th\u1ecb v\u1eeba v\u00e0 nh\u1ecf.<\/p>\n<p><strong>M\u00e0n h\u00ecnh c\u1ea3m \u1ee9ng OTEK M457TB:<\/strong><\/p>\n<p>\u0110\u01b0\u1ee3c \u1ee9ng d\u1ee5ng trong nhi\u1ec1u chu\u1ed7i nh\u00e0 h\u00e0ng, b\u00e1n l\u1ebb l\u1edbn nh\u01b0 Big C, chu\u1ed7i c\u1eeda h\u00e0ng Vinamilk v\u00e0 nhi\u1ec1u chu\u1ed7i nh\u00e0 h\u00e0ng l\u1edbn t\u1ea1i Vi\u1ec7t Nam. Xu\u00e2\u0301t x\u01b0\u0301 ch\u00ednh h\u00e3ng \u0110a\u0300i Loan.<\/p>\n","protected":false},"excerpt":{"rendered":"<p><strong class=\"desc-text\">TH\u00d4NG S\u1ed0 K\u1ef8 THU\u1eacT<\/strong><\/p>\n<p><strong>Case Lenovo V530s \u2013 Pentium:<\/strong><\/p>\n<ul>\n<li>Model: Lenovo V530s<\/li>\n<li>B\u1ed9 x\u1eed l\u00ed: Intel Pentium Gold G5400 Processor (4MB Cache, 3.70 GHz)<\/li>\n<li>B\u1ed9 nh\u1edb RAM: 4GB DDR4 2400 UDIMM<\/li>\n<li>Storage Selection: 1TB Hard Drive, 7200RPM, 3.5<\/li>\n<li>OS: Option (Window 7\/8\/10)<\/li>\n<\/ul>\n<p><strong>M\u00e0n h\u00ecnh c\u1ea3m \u1ee9ng OTEK M457TB:<\/strong><\/p>\n<ul>\n<li>K\u00edch c\u01a1\u0303 m\u00e0n h\u00ecnh: 15 inch, \u0111\u1ed9 ph\u00e2n gi\u1ea3i : 1024 x 768<\/li>\n<li>C\u00f4\u0309ng In: 1xVGA ,1x DVI, 1xUSB, 1x COM (female port)<\/li>\n<li>C\u00f4\u0309ng Out: 2xUSB<\/li>\n<li>\u0110\u1ed9 b\u1ec1n 50 tri\u1ec7u l\u1ea7n nh\u1ea5n<\/li>\n<li>Ch\u00e2n \u0111\u1ebf cao c\u1ea5p c\u00f3 th\u1ec3 \u0111i\u1ec1u ch\u1ec9nh \u0111\u1ed9 nghi\u00ean 80 \u0111\u1ed9, v\u1eefng ch\u1eafc kh\u00f4ng rung m\u00e0n h\u00ecnh khi thao t\u00e1c<\/li>\n<li>Ch\u1ed1ng b\u00e1m m\u1ee1, b\u1ee5i. Thi\u1ebft k\u1ebf l\u00fd t\u01b0\u1edfng cho m\u00f4i tr\u01b0\u1eddng nh\u00e0 h\u00e0ng, caf\u00e9, kh\u00e1ch s\u1ea1n, si\u00eau th\u1ecb\u2026<\/li>\n<\/ul>\n<p><strong>B\u1ea3o h\u00e0nh 12 th\u00e1ng t\u1ea1i v\u0103n ph\u00f2ng iPOSDANANG.vn\u00a0<\/strong><\/p>\n<p><strong>Ch\u00ednh s\u00e1ch b\u1ea3o h\u00e0nh:<\/strong>\u00a0<a href=\"https:\/\/ipos.vn\/wp-content\/uploads\/2020\/06\/Quy-Dinh-Bao-Hanh-Phan-Cung-update-web-iPOS.pdf\">Ph\u1ea7n c\u1ee9ng<\/a>\u00a0v\u00e0\u00a0<a href=\"https:\/\/ipos.vn\/wp-content\/uploads\/2020\/06\/Quy-Dinh-Bao-Hanh-Phan-Mem-iPOS.pdf\">ph\u1ea7n m\u1ec1m<\/a><\/p>\n<p><strong>Mi\u1ec5n ph\u00ed v\u1eadn chuy\u1ec3n to\u00e0n qu\u1ed1c theo ch\u00ednh s\u00e1ch c\u1ee7a iPOSDANANG.vn<\/strong><\/p>\n","protected":false},"featured_media":6319,"template":"","meta":{"_monsterinsights_skip_tracking":false,"_monsterinsights_sitenote_active":false,"_monsterinsights_sitenote_note":"","_monsterinsights_sitenote_category":0},"yoast_head":"<!-- This site is optimized with the Yoast SEO Premium plugin v15.0 - https:\/\/yoast.com\/wordpress\/plugins\/seo\/ -->\n<title>CASE LENOVO V530S PENTIUM + M\u00c0N H\u00ccNH M457TB - iPOS t\u1ea1i \u0110\u00e0 N\u1eb5ng<\/title>\n<meta name=\"robots\" content=\"index, follow, max-snippet:-1, max-image-preview:large, max-video-preview:-1\" \/>\n<link rel=\"canonical\" href=\"http:\/\/iposdanang.vn\/iposdanang\/index.php\/product\/case-lenovo-v530s-pentium-man-hinh-m457tb\/\" \/>\n<meta property=\"og:locale\" content=\"vi_VN\" \/>\n<meta property=\"og:type\" content=\"article\" \/>\n<meta property=\"og:title\" content=\"CASE LENOVO V530S PENTIUM + M\u00c0N H\u00ccNH M457TB - iPOS t\u1ea1i \u0110\u00e0 N\u1eb5ng\" \/>\n<meta property=\"og:description\" content=\"TH\u00d4NG S\u1ed0 K\u1ef8 THU\u1eacT  Case Lenovo V530s \u2013 Pentium:   Model: Lenovo V530s  B\u1ed9 x\u1eed l\u00ed: Intel Pentium Gold G5400 Processor (4MB Cache, 3.70 GHz)  B\u1ed9 nh\u1edb RAM: 4GB DDR4 2400 UDIMM  Storage Selection: 1TB Hard Drive, 7200RPM, 3.5  OS: Option (Window 7\/8\/10)  M\u00e0n h\u00ecnh c\u1ea3m \u1ee9ng OTEK M457TB:   K\u00edch c\u01a1\u0303 m\u00e0n h\u00ecnh: 15 inch, \u0111\u1ed9 ph\u00e2n gi\u1ea3i : 1024 x 768  C\u00f4\u0309ng In: 1xVGA ,1x DVI, 1xUSB, 1x COM (female port)  C\u00f4\u0309ng Out: 2xUSB  \u0110\u1ed9 b\u1ec1n 50 tri\u1ec7u l\u1ea7n nh\u1ea5n  Ch\u00e2n \u0111\u1ebf cao c\u1ea5p c\u00f3 th\u1ec3 \u0111i\u1ec1u ch\u1ec9nh \u0111\u1ed9 nghi\u00ean 80 \u0111\u1ed9, v\u1eefng ch\u1eafc kh\u00f4ng rung m\u00e0n h\u00ecnh khi thao t\u00e1c  Ch\u1ed1ng b\u00e1m m\u1ee1, b\u1ee5i. Thi\u1ebft k\u1ebf l\u00fd t\u01b0\u1edfng cho m\u00f4i tr\u01b0\u1eddng nh\u00e0 h\u00e0ng, caf\u00e9, kh\u00e1ch s\u1ea1n, si\u00eau th\u1ecb\u2026  B\u1ea3o h\u00e0nh 12 th\u00e1ng t\u1ea1i v\u0103n ph\u00f2ng iPOSDANANG.vn\u00a0  Ch\u00ednh s\u00e1ch b\u1ea3o h\u00e0nh:\u00a0Ph\u1ea7n c\u1ee9ng\u00a0v\u00e0\u00a0ph\u1ea7n m\u1ec1m  Mi\u1ec5n ph\u00ed v\u1eadn chuy\u1ec3n to\u00e0n qu\u1ed1c theo ch\u00ednh s\u00e1ch c\u1ee7a iPOSDANANG.vn\" \/>\n<meta property=\"og:url\" content=\"http:\/\/iposdanang.vn\/iposdanang\/index.php\/product\/case-lenovo-v530s-pentium-man-hinh-m457tb\/\" \/>\n<meta property=\"og:site_name\" content=\"iPOS t\u1ea1i \u0110\u00e0 N\u1eb5ng\" \/>\n<meta property=\"article:modified_time\" content=\"2021-01-08T08:50:16+00:00\" \/>\n<meta property=\"og:image\" content=\"https:\/\/iposdanang.vn\/iposdanang\/wp-content\/uploads\/2021\/01\/May-tinh-tien-Lenovo-man-hinh-cam-ung-M457TB-png-1.png\" \/>\n\t<meta property=\"og:image:width\" content=\"500\" \/>\n\t<meta property=\"og:image:height\" content=\"500\" \/>\n<meta name=\"twitter:card\" content=\"summary_large_image\" \/>\n<script type=\"application\/ld+json\" class=\"yoast-schema-graph\">{\"@context\":\"https:\/\/schema.org\",\"@graph\":[{\"@type\":\"WebSite\",\"@id\":\"https:\/\/iposdanang.vn\/iposdanang\/#website\",\"url\":\"https:\/\/iposdanang.vn\/iposdanang\/\",\"name\":\"iPOS t\\u1ea1i \\u0110\\u00e0 N\\u1eb5ng\",\"description\":\"iPOSDaNang.vn\",\"potentialAction\":[{\"@type\":\"SearchAction\",\"target\":\"https:\/\/iposdanang.vn\/iposdanang\/?s={search_term_string}\",\"query-input\":\"required name=search_term_string\"}],\"inLanguage\":\"vi\"},{\"@type\":\"ImageObject\",\"@id\":\"http:\/\/iposdanang.vn\/iposdanang\/index.php\/product\/case-lenovo-v530s-pentium-man-hinh-m457tb\/#primaryimage\",\"inLanguage\":\"vi\",\"url\":\"https:\/\/iposdanang.vn\/iposdanang\/wp-content\/uploads\/2021\/01\/May-tinh-tien-Lenovo-man-hinh-cam-ung-M457TB-png-1.png\",\"width\":500,\"height\":500},{\"@type\":\"WebPage\",\"@id\":\"http:\/\/iposdanang.vn\/iposdanang\/index.php\/product\/case-lenovo-v530s-pentium-man-hinh-m457tb\/#webpage\",\"url\":\"http:\/\/iposdanang.vn\/iposdanang\/index.php\/product\/case-lenovo-v530s-pentium-man-hinh-m457tb\/\",\"name\":\"CASE LENOVO V530S PENTIUM + M\\u00c0N H\\u00ccNH M457TB - iPOS t\\u1ea1i \\u0110\\u00e0 N\\u1eb5ng\",\"isPartOf\":{\"@id\":\"https:\/\/iposdanang.vn\/iposdanang\/#website\"},\"primaryImageOfPage\":{\"@id\":\"http:\/\/iposdanang.vn\/iposdanang\/index.php\/product\/case-lenovo-v530s-pentium-man-hinh-m457tb\/#primaryimage\"},\"datePublished\":\"2021-01-08T08:49:21+00:00\",\"dateModified\":\"2021-01-08T08:50:16+00:00\",\"inLanguage\":\"vi\",\"potentialAction\":[{\"@type\":\"ReadAction\",\"target\":[\"http:\/\/iposdanang.vn\/iposdanang\/index.php\/product\/case-lenovo-v530s-pentium-man-hinh-m457tb\/\"]}]}]}<\/script>\n<!-- \/ Yoast SEO Premium plugin. -->","_links":{"self":[{"href":"https:\/\/iposdanang.vn\/iposdanang\/index.php\/wp-json\/wp\/v2\/product\/6318"}],"collection":[{"href":"https:\/\/iposdanang.vn\/iposdanang\/index.php\/wp-json\/wp\/v2\/product"}],"about":[{"href":"https:\/\/iposdanang.vn\/iposdanang\/index.php\/wp-json\/wp\/v2\/types\/product"}],"wp:featuredmedia":[{"embeddable":true,"href":"https:\/\/iposdanang.vn\/iposdanang\/index.php\/wp-json\/wp\/v2\/media\/6319"}],"wp:attachment":[{"href":"https:\/\/iposdanang.vn\/iposdanang\/index.php\/wp-json\/wp\/v2\/media?parent=6318"}],"curies":[{"name":"wp","href":"https:\/\/api.w.org\/{rel}","templated":true}]}}